328?
-92031
In base 12, what is -27a + 26a0?
2422
In base 13, what is 3aac1 + -1c45?
38b79
In base 7, what is 1303301 + 61?
1303362
In base 6, what is 14243344500 + -2?
14243344454
In base 3, what is -102110 - 122110201?
-122220011
In base 9, what is 3601073 - -178?
3601262
In base 6, what is 121 - -112514?
113035
In base 7, what is 3 + -1154154022?
-1154154016
In base 5, what is -22333412 - 22?
-22333434
In base 9, what is 4 - -62487088?
62487103
In base 7, what is -165565 + -3364?
-202262
In base 13, what is -1207 + -97527?
-98731
In base 7, what is 0 - -42052051?
42052051
In base 11, what is -9024 + -8a9?
-9922
In base 12, what is -98b + -169b53?
-16a922
In base 7, what is -16 - -20023044?
20023025
In base 13, what is -1663ca20 - -8?
-1663ca15
In base 6, what is 3440234 - 231?
3440003
In base 11, what is 4 - 30585353?
-3058534a
In base 14, what is -4c7a - -139b?
-38bd
In base 4, what is -233112112 - 0?
-233112112
In base 7, what is 412112 - -154?
412266
In base 10, what is -58 + -90252?
-90310
In base 8, what is 4172 + 423?
4615
In base 16, what is -1834 + 14?
-1820
In base 7, what is 30052 - 63502?
-33420
In base 3, what is -2 - -101211001111222?
101211001111220
In base 16, what is -ccfd34 - 5?
-ccfd39
In base 15, what is -17e527 + 2?
-17e525
In base 16, what is 6 - -440f6a?
440f70
In base 14, what is -5 - 32bd20?
-32bd25
In base 11, what is 5a0a9335 + -1?
5a0a9334
In base 8, what is -2 + 307240367?
307240365
In base 5, what is 1244020314 - 10?
1244020304
In base 16, what is 1fe8a + 6e?
1fef8
In base 16, what is b + 1439a5?
1439b0
In base 9, what is -261581142 - -2?
-261581140
In base 4, what is 201 - -1103311311?
1103312112
In base 4, what is -33311 + 1313030?
1213113
In base 10, what is 175172 + 12?
175184
In base 8, what is 337735705 + -5?
337735700
In base 12, what is 14 - 6015a74?
-6015a60
In base 8, what is -31402 - -2006?
-27374
In base 9, what is 22508 - -16?
22525
In base 9, what is -2 - 167071020?
-167071022
In base 15, what is 136123 + -13?
136110
In base 12, what is 25a346300 + -5?
25a3462b7
In base 7, what is 42123 + 101?
42224
In base 16, what is 69dad91 - -3?
69dad94
In base 10, what is 2407675 + -391?
2407284
In base 16, what is 0 + 26e508f?
26e508f
In base 4, what is 21101 + -20012102?
-13331001
In base 6, what is 1040144 + -13?
1040131
In base 7, what is -232 - 355231?
-355463
In base 3, what is 21 - 2010010120021102?
-2010010120021011
In base 11, what is 1 - 35670544?
-35670543
In base 12, what is -13 - 4600325?
-4600338
In base 16, what is -9 + -1f061?
-1f06a
In base 5, what is 4 - -322031333?
322031342
In base 13, what is -a + 1158b8?
1158ab
In base 11, what is 14036a1 - -1?
14036a2
In base 5, what is -31001131442 + 1?
-31001131441
In base 13, what is 593a + -7442?
-1805
In base 12, what is 2 - -492970?
492972
In base 15, what is -2d5d - -e3e?
-1e1e
In base 3, what is -10122122 + -21101112221?
-21112012120
In base 14, what is -1560 - 2980?
-4100
In base 14, what is -3a62255 - 1?
-3a62256
In base 10, what is 57070 + 38?
57108
In base 8, what is -225 - -126731?
126504
In base 12, what is 49890285 - 5?
49890280
In base 3, what is 0 + 1002122011222000?
1002122011222000
In base 2, what is 0 - 100001000010110100110110100?
-100001000010110100110110100
In base 3, what is 22002110 - -22201102?
121210212
In base 6, what is 225 + 133305240?
133305505
In base 15, what is -2786 - 2a66?
-52ec
In base 3, what is -20101222112122 - -11012?
-20101222101110
In base 16, what is 3175be + -2?
3175bc
In base 9, what is -5853 - -1588?
-4254
In base 12, what is 1a9 - a08ba2?
-a089b5
In base 14, what is -4 - -b9a7c?
b9a78
In base 5, what is 130314020 + -13320?
130300200
In base 2, what is -10010 - 11001101110001110011?
-11001101110010000101
In base 4, what is -1101 - 32033131110?
-32033132211
In base 2, what is -1001001001011000 + 1100?
-1001001001001100
In base 8, what is -245175 - -221?
-244754
In base 15, what is c158 - -535?
c68d
In base 6, what is 30 - 2510235?
-2510205
In base 8, what is -55 + 3134302?
3134225
In base 9, what is 261 + -1404715?
-1404444
In base 3, what is -1 + 111200120210101?
111200120210100
In base 5, what is 1403342401 - 1241?
1403341110
In base 3, what is 1002211122122 - 201?
1002211121221
In base 7, what is 626344 - 556?
625455
In base 16, what is 89c247 + -6?
89c241
In base 2, what is 10001111101010 + -1010111101?
10000100101101
In base 14, what is 244713 - a?
244707
In base 15, what is -6de + -154c?
-1c3b
In base 12, what is -220 - -245552?
245332
In base 4, what is -3203 + 213131200?
213121331
In base 3, what is -1010001 + 12011000102?
12002220101
In base 13, what is -2cb4a2 + 153?
-2cb34c
In base 11, what is -21123576 - -5?
-21123571
In base 12, what is -6 - 303a945?
-303a94b
In base 9, what is 8327 + 124?
8452
In base 8, what is 0 - 53722601?
-53722601
In base 6, what is -23 - -111244400?
111244333
In base 5, what is 4314234440 - -2?
4314234442
In base 6, what is -1113314545 - -2?
-1113314543
In base 12, what is 85b34 - a6?
85a4a
In base 14, what is 1bc2 + -c49?
d77
In base 8, what is 0 - -1247754444?
1247754444
In base 10, what is 8369 - 1163?
7206
In base 16, what is 760b + -21c?
73ef
In base 3, what is -10201 + -10010210110102?
-10010210121010
In base 3, what is 1021000112 + 2001?
1021002120
In base 2, what is 10100000 - -110011000101101011100?
110011000101111111100
In base 3, what is -1 + 11112100210101?
11112100210100
In base 15, what is -2 + 3355574?
3355572
In base 7, what is 10652666 - -200?
10653166
In base 8, what is 1046655503 + 0?
1046655503
In base 5, what is 4 + 313041222?
313041231
In base 9, what is 2411 + 27337?
30748
In base 11, what is -1457a733 + 0?
-1457a733
In base 8, what is -215 - -1273624?
1273407
In base 11, what is -14 - -3142187?
3142173
In base 2, what is -10110101101 + 110000011111?
11001110010
In base 9, what is 5 + 53630265?
53630271
In base 13, what is -2 + -82441b?
-824420
In base 8, what is -2770 - 23373?
-26363
In base 8, what is 127255416 - 15?
127255401
In base 11, what is 196165 + 160?
196315
In base 10, what is -166815 + -725?
-167540
In base 9, what is -153786 + -1642?
-155538
In base 3, what is 201122 - 1002210110?
-1002001211
In base 13, what is 337c3750 - 2?
337c374b
In base 4, what is 20000321220012 + -3?
20000321220003
In base 12, what is -292871 + -ab?
-292960
In base 5, what is -10 + -242033200404?
-242033200414
In base 14, what is 1691cd - 4?
1691c9
In base 13, what is -279b90 - 6c4?
-27a584
In base 8, what is -30211 - -6611?
-21400
In base 6, what is -1310 + 3155451?
3154141
In base 8, what is 4 + -12135232?
-12135226
In base 12, what is 133 - -5a252?
5a385
In base 2, what is 1011000110101111100 - -1010?
1011000110110000110
In base 14, what is 628 - -23d5?
2a1d
In base 5, what is 130 + -4412034?
-4411404
In base 11, what is 29 - -9996?
9a14
In base 14, what is 1 + b3cbd?
b3cc0
In base 4, what is -232131 - -232133?
2
In base 5, what is -112132004 - 221?
-112132230
In base 8, what is -50741 - 1260?
-52221
In base 9, what is -333 - -26257?
25824
In base 7, what is 11133435 + -1313?
11132122
In base 8, what is 37325 + 16141?
55466
In base 4, what is -2123030102 + -3?
-2123030111
In base 16, what is -bc4b3 + -6a?
-bc51d
In base 7, what is -1205530 + -21262?
-1230122
In base 8, what is -232024 - -2514?
-227310
In base 11, what is 75475 + -30?
75445
In base 11, what is 5007302 + -3?
50072aa
In base 5, what is 13323430 + 4402?
13333332
In base 6, what is -551252115 - -131?
-551251544
In base 9, what is -5 - -650438673?
650438667
In base 10, what is 3 + -4909926?
-4909923
In base 11, what is 5 - 26282a?
-262825
In base 11, what is -18 - 263106?
-263123
In base 12, what is 0 - 553401?
-553401
In base 10, what is 7905 + -940?
6965
In base 3, what is 2 - 1011202012221221?
-1011202012221212
In base 10, what is 72129 - 1486?
70643
In base 2, what is 110011001001111111001001 + -1000110?
110011001001111110000011
In base 10, what is 2112301 - -138?
2112439
In base 16, what is -29 - -4f0?
4c7
In base 10, what is -88 - 1951200?
-1951288
In base 10, what is -1143 + -41020?
-42163
In base 7, what is 510 - -31210?
32020
In base 13, what is -2 + -54a77b0?
-54a77b2
In base 13, what is -a635 + -2192?
-c7c7
In base 9, what is 2266380 + 302?
2266682
In base 7, what is -4034 - 1441522?